- 181. What is l(45)?
44
Let i(z) = 17*z**2 + 641*z - 166. What is i(-38)?
24
Let h(p) = -p**3 - 8*p**2 + 60*p + 489. What is h(-8)?
9
Let y(u) = u**2 + 548*u - 12584. Determine y(22).
-44
Let b(c) = 5*c**2 + 147*c + 419. Calculate b(-3).
23
Let n(w) = 1062*w**2 - 67968*w + 9. Give n(64).
9
Let b(g) = -31*g + 6. What is b(-2)?
68
Let k(z) = 163*z + 2513. Determine k(-16).
-95
Let w(n) = -35*n - 1850. Calculate w(-54).
40
Let a(i) = -15*i - 201. Calculate a(-14).
9
Let r(v) = -25*v**3 + 40*v**2 + 78*v - 2. What is r(-2)?
202
Let k(t) = -t**3 - 9*t**2 - 9. Give k(-7).
-107
Let h(s) = 186*s + 16. Give h(2).
388
Let k(y) = -3*y**2 - 102*y - 8. Determine k(-34).
-8
Let o(s) = 6143*s - 49150. Determine o(8).
-6
Let p(a) = -66*a - 31. What is p(3)?
-229
Let j(n) = -n**3 + 31*n**2 + n - 25. Determine j(31).
6
Let m(t) = -3*t**3 + 24*t**2 - 38*t + 303. Calculate m(8).
-1
Let y(p) = 3*p**2 - 15*p - 18. Determine y(6).
0
Let l(d) = 9*d**2 + 84*d - 959. Determine l(7).
70
Let r(h) = 3*h**3 + 70*h**2 + 306*h + 4803. What is r(-22)?
7
Let c(d) = 39*d + 2357. What is c(-61)?
-22
Let y(g) = -g**2 + 137*g - 4551. Calculate y(77).
69
Let k(d) = -92*d - 1474. What is k(-17)?
90
Let r(z) = z**3 + 6*z - 237. Calculate r(0).
-237
Let o(s) = -2*s**2 + 25*s + 103. Determine o(17).
-50
Let p(c) = -997*c + 9963. What is p(10)?
-7
Let t(p) = -33*p**2 + p - 6. Calculate t(-3).
-306
Let u(n) = -20*n**3 - 2*n + 13. What is u(-2)?
177
Let b(w) = -w**3 + 112*w**2 + 590*w - 232. What is b(117)?
353
Let o(g) = 27665*g - 138319. Calculate o(5).
6
Let g(r) = 3*r**3 + 139*r**2 + 178*r - 98. What is g(-45)?
-8
Let x(s) = 506*s + 12656. Determine x(-25).
6
Let h(r) = 4*r**2 + 43*r - 4. Give h(-9).
-67
Let z(s) = 3*s**2 - 15*s - 28. Determine z(9).
80
Let o(c) = c**3 - 2*c**2 - 15*c - 10. Determine o(6).
44
Let c(s) = -2*s**2 + 15*s + 175. Calculate c(19).
-262
Let c(k) = 2*k**3 - 40*k**2 + 157*k - 100. Calculate c(15).
5
Let t(h) = -h**3 + 1440*h - 153. Determine t(-38).
-1
Let y(z) = z**3 - 61*z**2 - 934*z + 363. Calculate y(-13).
-1
Let h(i) = 3*i - 186. Calculate h(32).
-90
Let s(g) = g**2 + 24*g + 102. Determine s(-14).
-38
Let k(z) = -448*z - 2721. Determine k(-6).
-33
Let g(f) = f**2 + 4834*f - 82464. What is g(17)?
3
Let a(x) = x**3 + 2*x**2 + 52*x - 207. Determine a(4).
97
Let c(m) = -11*m**3 + 59*m**2 - 34*m + 82. Calculate c(5).
12
Let a(l) = l**3 - 12*l**2 + 13*l + 4. Calculate a(12).
160
Let g(q) = q**2 - 11*q - 979. Give g(-26).
-17
Let v(g) = g**3 + 23*g**2 - 2323*g - 305. What is v(-61)?
0
Let s(t) = -4*t**3 - 108*t**2 - 105*t - 25. Calculate s(-26).
1
Let d(v) = v**3 + 78*v**2 - 414*v + 77. Calculate d(-83).
-6
Let n(u) = 1110*u + 4450. Give n(-4).
10
Let u(c) = 53*c**2 + 475*c - 20. Give u(-9).
-2
Let c(w) = w**2 - 181*w - 1516. Determine c(-8).
-4
Let l(s) = -12*s + 858. Give l(70).
18
Let i(d) = 2*d**3 - d**2 - 35*d - 97. What is i(-5)?
-197
Let s(q) = -q**3 - 35*q**2 + 113*q + 99. What is s(-38)?
137
Let j(c) = -c**3 - c**2 - 290*c + 903. Determine j(3).
-3
Let u(i) = -109*i + 13086. Give u(120).
6
Let v(n) = -191*n + 9552. What is v(50)?
2
Let r(d) = -d**2 - 567*d - 12528. What is r(-23)?
-16
Let t(s) = -2*s**2 - 30*s + 74. Determine t(0).
74
Let m(v) = v**3 - 128*v**2 + 4007*v + 591. What is m(73)?
7
Let b(q) = 2*q**2 + 77*q + 623. Determine b(-27).
2
Let v(q) = 226*q**2 + 445*q - 2. What is v(-2)?
12
Let h(y) = 254*y - 11706. Calculate h(46).
-22
Let d(f) = 768*f - 3870. Give d(5).
-30
Let n(k) = -10*k**3 - 4*k**2 + 3*k - 5. Calculate n(-2).
53
Let x(c) = -479*c - 9092. Determine x(-19).
9
Let h(i) = i**2 - 105*i + 400. Give h(101).
-4
Let b(o) = -1071*o + 171. Give b(0).
171
Let t(k) = k**3 - 19*k**2 - 13*k + 8. Calculate t(20).
148
Let r(u) = -439*u + 215. Calculate r(0).
215
Let g(i) = 2*i**3 - 57*i**2 + 16*i + 333. Give g(28).
-3
Let u(r) = r**3 - 21*r - 25. Give u(-3).
11
Let r(t) = 5*t**2 - 182*t - 286. Calculate r(38).
18
Let m(x) = 28*x + 714. What is m(-26)?
-14
Let q(h) = -4*h**3 + 16*h**2 + 63*h - 235. Determine q(4).
17
Let t(v) = 1044*v - 1041. Determine t(1).
3
Let h(d) = 5*d**2 + 566*d - 457. What is h(-114)?
-1
Let p(n) = -2*n**3 + 14*n**2 + 129*n - 458. Determine p(11).
-7
Let w(c) = 2*c**3 - c**2 + 20*c + 20. What is w(-1)?
-3
Let s(o) = -796*o + 776. Determine s(1).
-20
Let i(s) = -s**3 - 19*s**2 - 55*s - 102. Determine i(-16).
10
Let d(x) = -x**2 + 30*x - 217. Give d(14).
7
Let u(s) = s**3 + 81*s**2 - 344*s - 341. Calculate u(-85).
-1
Let o(q) = -99*q + 13223. Calculate o(133).
56
Let n(s) = s**2 + 122*s + 2219. Give n(-99).
-58
Let d(i) = 35*i**2 + 61*i + 3. What is d(-4)?
319
Let t(z) = z**3 - 4*z + 10. Calculate t(-3).
-5
Let n(x) = -142*x - 3978. Determine n(-28).
-2
Let g(s) = -s**2 + 18*s - 41. What is g(13)?
24
Let h(d) = -34*d**2 + 527*d - 22. Give h(14).
692
Let i(v) = -v**3 + 15*v**2 + 13*v - 9. What is i(16)?
-57
Let m(c) = 23*c**2 - 385*c - 27. Calculate m(17).
75
Let y(m) = -23*m**2 + 19*m + 57. Calculate y(-4).
-387
Let m(n) = -10704*n - 42820. Determine m(-4).
-4
Let f(z) = -2*z**3 + 66*z**2 - 68*z + 133. Give f(32).
5
Let z(d) = 452*d + 4980. Calculate z(-11).
8
Let w(i) = 65*i + 1. What is w(-2)?
-129
Let g(m) = m**3 + 7*m**2 + 7*m - 22. What is g(-7)?
-71
Let p(m) = -4376*m + 13147. Calculate p(3).
19
Let p(f) = f**3 - 23*f**2 - 1503*f + 133. Give p(-29).
-12
Let l(g) = 11*g - 270. Determine l(8).
-182
Let u(v) = -v**3 - 3*v**2 + 23*v + 79. What is u(-4)?
3
Let f(m) = -33*m - 602. Calculate f(-19).
25
Let v(t) = t**3 + 32*t**2 + 155*t + 31. Give v(-26).
57
Let z(j) = 217*j - 268. Give z(7).
1251
Let k(f) = 207*f - 16772. What is k(81)?
-5
Let c(s) = s**3 - 57*s**2 - 193*s + 776. What is c(60)?
-4
Let z(s) = s**3 - 19*s**2 + 20*s - 3. Determine z(18).
33
Let v(y) = -16*y**2 + 240*y - 245. Calculate v(1).
-21
Let g(f) = f + 35. What is g(-59)?
-24
Let l(g) = 5*g**2 + 55*g + 5. What is l(-11)?
5
Let p(o) = -81*o**2 + 375*o - 10. What is p(4)?
194
Let z(q) = 7*q + 50. Give z(24).
218
Let b(r) = r**3 + 64*r**2 - 128*r + 126. What is b(-66)?
-138
Let w(f) = 3*f**2 + 102*f - 342. Calculate w(-37).
-9
Let k(c) = 11*c**2 + 736*c + 647. Calculate k(-66).
-13
Let b(m) = -11*m**2 + 56*m - 119. Determine b(2).
-51
Let p(m) = -1240*m - 37170. Calculate p(-30).
30
Let o(h) = 89*h + 16. Give o(0).
16
Let i(y) = -y**3 - 26*y**2 + 104*y - 59. Calculate i(-28).
-1403
Let k(m) = 16*m + 1. Determine k(-9).
-143
Let v(m) = 4*m**2 + 63*m - 19. What is v(0)?
-19
Let y(a) = -6*a**3 + 138*a**2 - 257*a + 8. Calculate y(2).
-2
Let v(p) = -2*p**3 + 13*p**2 - 27*p. Calculate v(4).
-28
Let k(a) = 6*a**3 + 121*a**2 + 27*a + 144. What is k(-20)?
4
Let l(a) = -40*a + 377. Give l(13).
-143
Let m(u) = u**3 + 34*u**2 + 13*u + 35. What is m(-34)?
-407
Let c(w) = -w**3 - 24*w**2 - 123*w - 37. Determine c(-17).
31
Let o(a) = 6*a**2 - a + 1. What is o(5)?
146
Let i(y) = -3*y**3 + 19*y**2 - 4*y - 12. Give i(4).
84
Let k(p) = -111*p + 9650. Calculate k(87).
-7
Let k(s) = -2*s**3 + 17*s**2 - 38*s + 52. Calculate k(6).
4
Let d(y) = 44*y + 2012. Calculate d(-46).
-12
Let c(v) = -v**3 - 6*v**2 + 13*v + 89. Determine c(-4).
5
Let p(l) = -l**2 + 326*l - 2570. Calculate p(8).
-26
Let o(b) = -2*b**3 + b**2 - 10*b - 6. What is o(2)?
-38
Let o(t) = -41*t - 3022. Determine o(-75).
53
Let z(p) = -p**3 - 31*p**2 - 2*p - 41. What is z(-31)?
21
Let s(h) = -2*h**3 + 28*h**2 - 13*h + 59. Give s(12).
479
Let l(h) = 111*h**3 + 117*h**2 + h + 2. Determine l(-1).
7
Let p(i) = -1915*i - 76628. Determine p(-40).
-28
Let m(c) = -c**3 - 10*c**2 + 33*c + 244. Calculate m(-11).
2
Let o(d) = -d**3 + 46*d**2 - 3*d + 72. What is o(46)?
-66
Let a(c) = -8*c**2 - 16*c + 110. Determine a(-5).
-10
Let v(h) = -7*h - 183. Determine v(18).
-309
Let j(u) = -267*u + 10955. What is j(41)?
8
Let x(l) = -l**2 - 35*l - 288. Determine x(-17).
18
Let p(h) = -9*h**2 + 160*h - 161. Calculate p(1).
-10
Let j(q) = 5*q**2 - 2*q - 8. Calculate j(4).
64
Let p(g) = -12*g**2 - 183*g + 23. Calculate p(-16).
-121
Let q(x) = x**2 - 44*x + 224. Calculate q(56).
896
Let l(h) = -11*h**3 + 112*h**2 - 9*h - 101. Give l(10).
9
Let c(z) = -3*z**3 - z**2 + 13*z - 8. Calculate c(-3).
25
Let x(n) = 3419*n + 27392. Calculate x(-8).
40
Let t(c) = 32*c**2 - 640*c - 639. Give t(-1).
33
Let v(o) = 592*o + 858. What is v(-2)?
-326
